 = -2*p**3 - 7*p**2 - 5. What is q(-5)?
70
Let q(s) = 18*s + 157. What is q(-9)?
-5
Let u(b) = 7*b + 4. Calculate u(2).
18
Let c(m) = m - 5. Determine c(2).
-3
Let y(f) = 3*f**2 - 5*f - 6. What is y(3)?
6
Let s(c) = -c**2 - 15*c - 13. Calculate s(-14).
1
Let y(m) = 2*m**2 - 23*m + 24. Give y(1).
3
Let c(f) = f**2 - 1. Give c(1).
0
Let y(t) = -2*t**2 + 46*t - 237. What is y(10)?
23
Let g(f) = f**2 + 22*f - 10. What is g(-22)?
-10
Let v(x) = -64*x - 49. Calculate v(-1).
15
Let h(n) = n**3 - 4*n**2 - 2*n + 6. What is h(5)?
21
Let x(b) = -b**3 + 24*b**2 + 5*b - 13. What is x(24)?
107
Let t(w) = -2*w + 7. Give t(8).
-9
Let b(f) = 2*f**3 - 47*f**2 - 73*f - 53. Calculate b(25).
-3
Let c(k) = 2*k**2 + 31*k - 18. Calculate c(-16).
-2
Let z(c) = c**3 + 28*c**2 + 25*c - 37. What is z(-27)?
17
Let x(c) = c**3 + 8*c**2 - 10*c - 14. Determine x(-9).
-5
Let h(n) = 6*n + 161. Determine h(-28).
-7
Let l(h) = h**3 + 9*h**2 - 2*h - 13. Calculate l(-9).
5
Let x(p) = 14*p + 14. Calculate x(-1).
0
Let v(t) = t + 1. Determine v(-12).
-11
Let h(a) = 4*a**2 + 39*a + 38. Determine h(-1).
3
Let v(i) = 2*i**2 + 5*i - 20. Determine v(-5).
5
Let d(f) = f**3 + 9*f**2 - 9*f + 10. What is d(-10)?
0
Let b(j) = -3*j**2 - 5*j - 5. Calculate b(-2).
-7
Let l(y) = -3*y - 12. Calculate l(-10).
18
Let m(s) = s**2 + 2*s - 67. Give m(7).
-4
Let n(x) = x**2 - 9*x + 14. What is n(8)?
6
Let d(m) = -m**2 + 22*m + 249. Calculate d(30).
9
Let o(l) = l**2 + 5*l + 5. Give o(-5).
5
Let w(y) = -15*y - 100. Calculate w(-7).
5
Let x(l) = 2*l**2 - 94*l + 416. Give x(5).
-4
Let f(y) = -27*y**3 + y. Determine f(1).
-26
Let t(k) = -k**2 - 14*k + 60. Give t(-18).
-12
Let i(g) = g**3 + 19*g**2 + 92*g + 28. Calculate i(-8).
-4
Let d(p) = -p + 12. What is d(16)?
-4
Let p(o) = o**2 - 38*o + 100. Determine p(3).
-5
Let u(l) = l**2 + 2*l - 6. Determine u(0).
-6
Let p(k) = k**3 - 24*k**2 + 46*k - 35. Give p(22).
9
Let d(g) = -3*g**3 + 2*g**2 - g - 1. Determine d(-2).
33
Let w(h) = -2*h**2 + 7*h + 47. Determine w(8).
-25
Let z(i) = -i**3 - 6*i**2 - 8*i - 4. Calculate z(-3).
-7
Let t(x) = -x**2 - 5*x + 32. Determine t(-12).
-52
Let x(r) = -11*r**3 - 3*r**2 + 2*r + 3. Calculate x(2).
-93
Let p(h) = -4*h + 9. Give p(8).
-23
Let h(i) = -i**2 - 2*i + 5. What is h(-5)?
-10
Let w(h) = -h**3 + 9*h**2 - 8*h + 12. Calculate w(8).
12
Let o(a) = a**3 - 18*a**2 + a - 16. What is o(18)?
2
Let r(g) = -g + 5. Determine r(3).
2
Let v(u) = u**2 + 7*u + 12. Determine v(-11).
56
Let z(c) = -c**3 - 3*c**2 + 3*c - 14. Give z(-6).
76
Let v(d) = -25*d + 1325. Calculate v(53).
0
Let m(u) = 53*u - 1278. What is m(24)?
-6
Let n(t) = -t + 2. What is n(-6)?
8
Let b(n) = n + 5. Give b(-2).
3
Let f(a) = -a**3 - 5*a**2 + a - 4. What is f(-6)?
26
Let m(b) = -b**2 - 3*b + 9. Give m(0).
9
Let b(q) = -q**2 + 26*q + 34. Determine b(27).
7
Let p(x) = -2*x**2 - 8*x + 20. What is p(-11)?
-134
Let c(t) = -19*t + 10. What is c(5)?
-85
Let c(x) = 2*x**2 - 9*x - 3. Give c(4).
-7
Let l(p) = -p**3 - 25*p**2 - 2*p - 59. Determine l(-25).
-9
Let k(g) = -g - 36. What is k(-6)?
-30
Let i(f) = -f**2 + 13*f + 4. Give i(18).
-86
Let j(r) = -3*r - 3. Give j(-11).
30
Let m(t) = -t + 20. Give m(-10).
30
Let m(a) = a**3 - a**2 + a - 1. Calculate m(-2).
-15
Let x(i) = -7*i**2 + 2*i + 6. Give x(2).
-18
Let d(s) = s**3 - 11*s**2 - 7*s - 23. Determine d(12).
37
Let f(k) = -7*k - 33. Calculate f(-9).
30
Let u(a) = a**3 + 6*a**2 + 7*a + 8. Give u(-6).
-34
Let t(d) = d**2 - 12*d - 20. Give t(14).
8
Let y(g) = -23*g - 35. Give y(-1).
-12
Let o(m) = -m**2 + 3*m - 5. What is o(6)?
-23
Let q(r) = -102*r + 102. What is q(1)?
0
Let u(n) = -7*n - 5. Calculate u(3).
-26
Let m(l) = -5*l**2 - 6*l + 5. Calculate m(-3).
-22
Let l(o) = -o**2 - 10*o - 28. Determine l(-6).
-4
Let i(s) = 2*s + 34. Calculate i(-14).
6
Let b(j) = j**2 - 14*j - 20. Give b(14).
-20
Let n(y) = y**2 + 16*y + 6. Determine n(-15).
-9
Let v(h) = 3*h - 4. Determine v(5).
11
Let g(m) = -9*m**2 + 71*m + 2. Give g(8).
-6
Let v(g) = 2*g**3 - 23*g**2 + 10*g + 19. Calculate v(11).
8
Let l(p) = -5*p + 69. Give l(13).
4
Let m(x) = 3*x + 9. Give m(2).
15
Let v(z) = 3*z - 30. What is v(-10)?
-60
Let y(f) = -5*f - 109. What is y(-21)?
-4
Let m(o) = 16*o**3 - o**2 - o + 1. Determine m(1).
15
Let w(r) = -27*r. Give w(-1).
27
Let n(r) = -r**3 + 14*r**2 + r - 25. Give n(14).
-11
Let a(i) = 3*i**3 - 3*i**2 + 2*i + 2. Give a(3).
62
Let w(z) = z**2 - 2*z - 33. Give w(-5).
2
Let d(z) = -2*z**3 + z**2 - 2*z + 2. Calculate d(2).
-14
Let k(i) = 5*i + 8. Determine k(9).
53
Let y(p) = 2*p**2 - 6*p - 3. Calculate y(-4).
53
Let q(p) = -3*p - 16. Calculate q(13).
-55
Let n(d) = d**3 - 7*d**2 + 3*d + 12. Calculate n(6).
-6
Let z(k) = -4*k - 49. What is z(-13)?
3
Let t(f) = -f + 4. Calculate t(-3).
7
Let d(u) = -u - 1. What is d(0)?
-1
Let g(m) = -10*m - 247. Calculate g(-24).
-7
Let i(a) = 11*a**2 - 7*a - 13. Determine i(-2).
45
Let r(h) = h**3 + 3*h**2 - 5*h + 8. What is r(-4)?
12
Let q(w) = -2*w**3 + 5*w**2 + 6*w + 16. Give q(5).
-79
Let t(r) = -3*r + 11. Determine t(-8).
35
Let z(x) = -5*x**2 - 15. What is z(4)?
-95
Let c(g) = -g**3 - 4*g**2 - 11*g - 51. What is c(-4)?
-7
Let z(g) = g**3 - 7*g**2 + 2*g + 18. What is z(6)?
-6
Let s(w) = -w**2 - 3*w + 15. Give s(-7).
-13
Let j(v) = 10*v**3 - v**2 + 2*v - 1. What is j(-2)?
-89
Let q(c) = -c + 2. Give q(9).
-7
Let v(a) = a**3 - a - 1. Calculate v(0).
-1
Let l(o) = -2*o**3 - 16*o**2 - 12*o + 6. What is l(-7)?
-8
Let p(k) = -k**2 + 5*k + 14. What is p(-6)?
-52
Let f(o) = 12*o + 144. Calculate f(-12).
0
Let k(c) = c**3 + 9*c**2 - 13*c - 170. Give k(-8).
-2
Let j(d) = d**3 + 11*d**2 - 24*d + 23. Give j(-13).
-3
Let x(v) = -89*v - 4. What is x(-1)?
85
Let z(o) = -6*o - 51. Calculate z(-11).
15
Let w(q) = 2*q**3 - 4*q**2 - 5*q + 7. What is w(3)?
10
Let x(s) = 2*s**3 + 2*s**2 - s - 4. Determine x(-2).
-10
Let h(n) = -n**2 - 8*n - 14. Determine h(-4).
2
Let m(c) = c**3 - 8*c**2 + 2*c + 11. What is m(6)?
-49
Let w(p) = 4*p - 6. Determine w(8).
26
Let b(i) = 3*i**2 - 13*i - 14. Calculate b(-1).
2
Let u(c) = -c**3 - 19*c**2 + 3*c - 16. Determine u(-19).
-73
Let s(n) = n**2 - 2*n - 2. Calculate s(-2).
6
Let p(c) = -c**3 - 11*c**2 + 13*c + 5. Give p(-12).
-7
Let j(u) = u**2 + 36*u + 202. Calculate j(-7).
-1
Let t(r) = -18*r - 242. Give t(-13).
-8
Let k(j) = -3*j + 13. Determine k(5).
-2
Let a(i) = 59*i - 21. Determine a(2).
97
Let j(n) = n - 3. Determine j(10).
7
Let p(x) = -2*x. What is p(-6)?
12
Let b(s) = 5*s - 43. What is b(-7)?
-78
Let p(i) = -4*i - 7. Calculate p(10).
-47
Let i(x) = x**3 - 2*x**2 - 14*x + 13. Calculate i(4).
-11
Let z(y) = y**3 + 3*y**2 - 3*y + 22. Give z(0).
22
Let k(t) = -3*t + 43. Calculate k(15).
-2
Let o(l) = -2*l**2 + 16*l + 27. What is o(9)?
9
Let h(z) = 6*z**2 + 4*z - 4. Calculate h(-2).
12
Let t(l) = -l**3 + 8*l**2 + 11*l - 8. What is t(9)?
10
Let o(r) = r**3 + r**2 + r - 20. Give o(0).
-20
Let p(t) = -t + 22. Give p(15).
7
Let j(n) = n**3 + 7*n**2 - 9*n - 35. Give j(-8).
-27
Let l(i) = -6*i + 44. Give l(8).
-4
Let p(c) = 2*c + 6. Determine p(-3).
0
Let m(n) = -n + 20. Calculate m(20).
0
Let p(l) = 4*l - 59. Determine p(14).
-3
Let n(x) = x**2 + 14*x + 27. What is n(-12)?
3
Let b(z) = 2*z**2 - 3*z - 8. Determine b(4).
12
Let q(t) = -5*t - 3. What is q(-4)?
17
Let f(h) = 9*h - 321. Determine f(36).
3
Let g(r) = r**3 + 21*r**2 - r - 16. Calculate g(-21).
5
Let h(a) = 6*a - 7. Determine h(14).
77
Let m(d) = -2*d**2 + 9*d + 14. Calculate m(-2).
-12
Let l(x) = x**3 + 5*x**2 - 5*x - 7. Determine l(-6).
-13
Let x(p) = -p**3 - 4*p**2 + 14*p + 27. Give x(-6).
15
Let c(s) = -s + 6. Give c(5).
1
Let c(f) = -2*f**2 + 21*f - 14. Determine c(9).
13
Let v(x) = 5*x**2 + 3*x + 1. Give v(-2).
15
Let v(z) = z**3 + 36*z**2 - 73*z + 121. Give v(-38).
7
Let i(n) = 2*n**3 + n**2 - 6*n + 5. Give i(2).
13
Let r(u) = -u**3 - 6*u**2 - 10*u - 21. Give r(-5).
4
Let l(f) = -f**2 - 21*f + 1. Give l(-21).
1
Let a(i) = -i**3 - 4*i**2 + i - 4. Determine a(-5).
16
Let p(i) = -i**3 + 16*i**2 + 18*i - 15. Calculate p(17).
2
Let g(b) = b**2 + 5*b - 30. Determine g(-9).
6
Let w(p) = -p**2 + 15*p - 18. Give w(8).
38
Let z(r) = 4*r**2 + 3*r - 2. What is z(2)?
20
Let d(n) = n**2 - 13*n - 119. Give d(18).
-29
Let w(c) = c**2 + 5*c + 4. Give w(4).
40
Let s(k) = 13*k + 24. Give s(-1).
11
Let p(h) = -h**3 + 15*h**2